{"id":3,"date":"2021-02-27T13:44:55","date_gmt":"2021-02-27T13:44:55","guid":{"rendered":"https:\/\/elearnlab.ch\/blogs\/?page_id=3"},"modified":"2021-03-08T07:59:05","modified_gmt":"2021-03-08T07:59:05","slug":"datenschutz","status":"publish","type":"page","link":"https:\/\/elearnlab.ch\/blogs\/datenschutz\/","title":{"rendered":"Datenschutz"},"content":{"rendered":"\n<h2 class=\"wp-block-heading\">Wer wir sind<\/h2>\n\n\n\n<p>Hinter den Betreibern der Blogfarm steht die private Initiative eLearnLab. <br>Sie wird von Anita Holdener geleitet.<\/p>\n\n\n\n<h2 class=\"wp-block-heading\">Welche personenbezogenen Daten wir sammeln und warum wir sie sammeln<\/h2>\n\n\n\n<p>Wir verarbeiten personenbezogene Daten unserer Nutzer grunds\u00e4tzlich nur, soweit dies zur Bereitstellung einer funktionsf\u00e4higen Website sowie unserer Inhalte und Leistungen erforderlich ist. Die Verarbeitung personenbezogener Daten unserer Nutzer erfolgt regelm\u00e4\u00dfig nur nach Einwilligung des Nutzers. Eine Ausnahme gilt in solchen F\u00e4llen, in denen eine vorherige Einholung einer Einwilligung aus tats\u00e4chlichen Gr\u00fcnden nicht m\u00f6glich ist und die Verarbeitung der Daten durch gesetzliche Vorschriften gestattet ist.<\/p>\n\n\n\n<h3 class=\"wp-block-heading\">Registrierung<\/h3>\n\n\n\n<p>Auf unserer Internetseite bieten wir Nutzern die M\u00f6glichkeit, sich unter Angabe personenbezogener Daten zu registrieren. Die Daten werden dabei in eine Eingabemaske eingegeben und an uns \u00fcbermittelt und gespeichert. Eine Weitergabe der Daten an Dritte findet nicht statt. Folgende Daten werden im Rahmen des Registrierungsprozesses erhoben:<\/p>\n\n\n\n<ul class=\"wp-block-list\"><li>Benutzername<\/li><li>Passwort (Verschl\u00fcsselt)<\/li><li>E-Mail-Adresse<\/li><li>Vorname, Nachname, Nickname (freiwillige Eingabe)<\/li><\/ul>\n\n\n\n<p>Im Zeitpunkt der Registrierung werden zudem folgende Daten gespeichert:<\/p>\n\n\n\n<ul class=\"wp-block-list\"><li>Die IP-Adresse des Nutzers<\/li><li>Datum und Uhrzeit der Registrierung<\/li><\/ul>\n\n\n\n<h3 class=\"wp-block-heading\">Kommentare<\/h3>\n\n\n\n<p>Wenn Besucher Kommentare auf der Website schreiben, sammeln wir die Daten, die im Kommentar-Formular angezeigt werden, ausserdem die IP-Adresse des Besuchers und den User-Agent-String (damit wird der Browser identifiziert), um die Erkennung von Spam zu unterst\u00fctzen.<\/p>\n\n\n\n<p>Aus Deiner E-Mail-Adresse kann eine anonymisierte Zeichenfolge erstellt (auch Hash genannt) und dem Gravatar-Dienst \u00fcbergeben werden, um zu pr\u00fcfen, ob Du diesen benutzt. Die Datenschutzerkl\u00e4rung des Gravatar-Dienstes findest Du hier: https:\/\/automattic.com\/privacy\/.<br>Nachdem Dein Kommentar freigegeben wurde, ist Dein Profilbild \u00f6ffentlich im Kontext D Keinesommentars sichtbar.<\/p>\n\n\n\n<h3 class=\"wp-block-heading\">Social Media<\/h3>\n\n\n\n<p>Wir verwenden f\u00fcr die Social Media Weiterleitungen das Plugin <a href=\"https:\/\/wordpress.org\/plugins\/osd-social-media-sharing\/\" target=\"_blank\" rel=\"noreferrer noopener\">OSD Media Sharing<\/a>. Bei den ersichtlichen Bedienelementen der grafischen Benutzeroberfl\u00e4chen ( Buttons\u00bb) handelt es sich ausschliesslich um Links auf die entsprechenden Anbieter sozialer Netzwerke.<\/p>\n\n\n\n<h3 class=\"wp-block-heading\">Medien<\/h3>\n\n\n\n<p>Wenn Du ein registrierter Benutzer bist und Fotos auf diese Website laden m\u00f6chtest, dann solltest du vermeiden, Fotos mit einem EXIF-GPS-Standort hochzuladen. Besucher dieser Website k\u00f6nnten Fotos, die auf dieser Website gespeichert sind, downloaden und deren Standort-Informationen extrahieren.<\/p>\n\n\n\n<h3 class=\"wp-block-heading\">Kontaktformulare<\/h3>\n\n\n\n<p>Die Nutzung des Kontaktformulars (z.b. f\u00fcr die Anmeldung an einen Workshop oder eine Veranstaltung) kann eine weitergehende Erhebung, Bearbeitung und l\u00e4ngerfristige Speicherung von Personendaten wie z.B. Name und Vorname, E-Mail-Adresse, erfordern. Mit Eingabe und \u00dcbersendung dieser Daten willigst Du in deren Bearbeitung ein.<br>Es erfolgt in diesem Zusammenhang aber keine Weitergabe der Daten an Dritte. Die Daten werden ausschlie\u00dflich f\u00fcr die Verarbeitung der Konversation verwendet.<\/p>\n\n\n\n<h3 class=\"wp-block-heading\">Cookies<\/h3>\n\n\n\n<p>Wenn Du einen Kommentar auf unserer Website schreibst, kann das eine Einwilligung sein, Dein Name, E-Mail-Adresse und Website in Cookies zu speichern. Dies ist eine Komfortfunktion, damit Du nicht, wenn Du einen weiteren Kommentar schreibst, all diese Daten erneut eingeben musst. Diese Cookies werden ein Jahr lang gespeichert.<\/p>\n\n\n\n<p>Falls Du ein Konto hast und Du Dich auf dieser Website anmeldest, werden wir ein tempor\u00e4res Cookie setzen, um festzustellen, ob Dein Browser Cookies akzeptiert. Dieses Cookie enth\u00e4lt keine personenbezogenen Daten und wird verworfen, wenn Du Deinen Browser schliesst.<\/p>\n\n\n\n<p>Wenn Du Dich anmeldest, werden wir einige Cookies einrichten, um Deine Anmeldeinformationen und Anzeigeoptionen zu speichern. Anmelde-Cookies verfallen nach zwei Tagen und Cookies f\u00fcr die Anzeigeoptionen nach einem Jahr. Falls Du bei der Anmeldung \u201eAngemeldet bleiben\u201c ausw\u00e4hlst, wird Deine Anmeldung zwei Wochen lang aufrechterhalten. Mit der Abmeldung aus Deinem Konto werden die Anmelde-Cookies gel\u00f6scht.<\/p>\n\n\n\n<p>Wenn Du einen Artikel bearbeitest oder ver\u00f6ffentlichst, wird ein zus\u00e4tzliches Cookie in Deinem Browser gespeichert. Dieses Cookie enth\u00e4lt keine personenbezogenen Daten und verweist nur auf die Beitrags-ID des Artikels, den Du gerade bearbeitet hast. Das Cookie verf\u00e4llt nach einem Tag.<\/p>\n\n\n\n<h3 class=\"wp-block-heading\">Eingebettete Inhalte von anderen Websites<\/h3>\n\n\n\n<p>Beitr\u00e4ge auf dieser Website k\u00f6nnen eingebettete Inhalte beinhalten (z.&nbsp;B. Videos, Bilder, Beitr\u00e4ge etc.). Eingebettete Inhalte von anderen Websites verhalten sich exakt so, als ob der Besucher die andere Website besucht h\u00e4tte.<\/p>\n\n\n\n<p>Diese Websites k\u00f6nnen Daten \u00fcber Dich sammeln, Cookies benutzen, zus\u00e4tzliche Tracking-Dienste von Dritten einbetten und Deine Interaktion mit diesem eingebetteten Inhalt aufzeichnen, inklusive Deiner Interaktion mit dem eingebetteten Inhalt, falls Du ein Konto hast und auf dieser Website angemeldet bist.<\/p>\n\n\n\n<h2 class=\"wp-block-heading\">An wen wir Deine Daten weitergeben<\/h2>\n\n\n\n<p>Personendaten werden ausschliesslich dann an Dritte (z.B. an andere Beh\u00f6rden) bekannt gegeben, soweit dies im Rahmen zwingender Rechtsvorschriften (z.B. beh\u00f6rdlichen Aufforderungen, Gerichtsbeschl\u00fcssen) oder zum Zweck der Rechts- oder Strafverfolgung (z.B. im Fall von Angriffen auf die Netzinfrastruktur) erforderlich ist. Eine Bekanntgabe an Dritte zu anderen Zwecken findet nicht statt.<\/p>\n\n\n\n<h2 class=\"wp-block-heading\">Wie lange wir Deine Daten speichern<\/h2>\n\n\n\n<p>Wenn Du einen Kommentar schreibst, wird dieser inklusive Metadaten w\u00e4hrend der Existenz des Blogs oder bis zur Aufforderung der L\u00f6schung gespeichert. Auf diese Art k\u00f6nnen wir Folgekommentare automatisch erkennen und freigeben, anstelle sie in einer Moderations-Warteschlange festzuhalten.<\/p>\n\n\n\n<p>F\u00fcr Benutzer, die sich auf unserer Website registrieren, speichern wir zus\u00e4tzlich die pers\u00f6nlichen Informationen, die Du in Deinem Benutzerprofilen angibst. Alle Benutzer k\u00f6nnen jederzeit ihre pers\u00f6nlichen Informationen einsehen, ver\u00e4ndern oder l\u00f6schen (der Benutzername kann nicht ver\u00e4ndert werden). Administratoren der Webseite k\u00f6nnen diese Informationen ebenfalls einsehen und ver\u00e4ndern.<\/p>\n\n\n\n<h2 class=\"wp-block-heading\">Welche Rechte Du an Deinen Daten hast<\/h2>\n\n\n\n<p>Wenn Du ein Konto auf dieser Website besitzt oder Kommentare geschrieben hast, kannst Du einen Export Deiner personenbezogenen Daten bei uns anfordern, inklusive aller Daten, die Du uns mitgeteilt hast. Dar\u00fcber hinaus kannst Du die L\u00f6schung aller personenbezogenen Daten, die wir von Dir gespeichert haben, anfordern. Dies umfasst nicht die Daten, die wir aufgrund administrativer, rechtlicher oder sicherheitsrelevanter Notwendigkeiten aufbewahren m\u00fcssen.<\/p>\n\n\n\n<h2 class=\"wp-block-heading\">Wohin wir Deine Daten senden<\/h2>\n\n\n\n<p>Besucher-Kommentare k\u00f6nnten von einem automatisierten Dienst zur Spam-Erkennung untersucht werden.<\/p>\n\n\n\n<h2 class=\"wp-block-heading\">Sicherheit<\/h2>\n\n\n\n<p>Wir setzen technische und organisatorische Sicherheitsmassnahmen ein, damit die Daten, die Du \u00fcber den Blog erhebst und weiter bearbeitest,<\/p>\n\n\n\n<ul class=\"wp-block-list\"><li>vertraulich bleiben und vor zuf\u00e4lligen oder unrechtm\u00e4ssigen Zugriffen, Ver\u00e4nderungen oder Offenlegungen sowie vor Verlusten und Zerst\u00f6rung gesch\u00fctzt werden; und<\/li><li>ein Zugriff auf die Daten ausschliesslich nach dem Grundsatz der Erforderlichkeit (\u00abNeed-to-Know\u00bb) denjenigen Personen erteilt wird, die aufgrund ihrer Funktion und Aufgabe auf die Personendaten zugreifen m\u00fcssen.<\/li><\/ul>\n\n\n\n<p>Die zu treffenden Massnahmen richten sich nach der Art der Information, nach Art und Zweck der Verwendung und nach dem jeweiligen Stand der Technik.<\/p>\n","protected":false},"excerpt":{"rendered":"<p>Wer wir sind Hinter den Betreibern der Blogfarm steht die private Initiative eLearnLab. Sie wird von Anita Holdener geleitet. Welche personenbezogenen Daten wir sammeln und warum wir sie sammeln Wir verarbeiten personenbezogene Daten unserer Nutzer grunds\u00e4tzlich nur, soweit dies zur Bereitstellung einer funktionsf\u00e4higen Website sowie unserer Inhalte und Leistungen erforderlich [&hellip;]<\/p>\n","protected":false},"author":1,"featured_media":0,"parent":0,"menu_order":0,"comment_status":"closed","ping_status":"closed","template":"","meta":{"footnotes":""},"class_list":["post-3","page","type-page","status-publish","hentry"],"_links":{"self":[{"href":"https:\/\/elearnlab.ch\/blogs\/wp-json\/wp\/v2\/pages\/3","targetHints":{"allow":["GET"]}}],"collection":[{"href":"https:\/\/elearnlab.ch\/blogs\/wp-json\/wp\/v2\/pages"}],"about":[{"href":"https:\/\/elearnlab.ch\/blogs\/wp-json\/wp\/v2\/types\/page"}],"author":[{"embeddable":true,"href":"https:\/\/elearnlab.ch\/blogs\/wp-json\/wp\/v2\/users\/1"}],"replies":[{"embeddable":true,"href":"https:\/\/elearnlab.ch\/blogs\/wp-json\/wp\/v2\/comments?post=3"}],"version-history":[{"count":6,"href":"https:\/\/elearnlab.ch\/blogs\/wp-json\/wp\/v2\/pages\/3\/revisions"}],"predecessor-version":[{"id":118,"href":"https:\/\/elearnlab.ch\/blogs\/wp-json\/wp\/v2\/pages\/3\/revisions\/118"}],"wp:attachment":[{"href":"https:\/\/elearnlab.ch\/blogs\/wp-json\/wp\/v2\/media?parent=3"}],"curies":[{"name":"wp","href":"https:\/\/api.w.org\/{rel}","templated":true}]}}